tiple of 114?
True
Does 8 divide 21509207?
False
Is 6968143 a multiple of 13?
True
Is 314047309 a multiple of 16?
False
Is 6423316 a multiple of 3?
False
Is 166294893 a multiple of 41?
True
Is 64 a factor of 3417408?
True
Does 27 divide 45905091?
False
Is 51 a factor of 157461327?
True
Is 35 a factor of 443241750?
True
Is 12 a factor of 27518496?
True
Does 161 divide 5538111?
False
Does 27 divide 1838724380?
False
Does 31 divide 2162806326?
True
Does 35 divide 32188765?
True
Is 55803129 a multiple of 421?
True
Is 6217258 a multiple of 333?
False
Does 20 divide 250986266?
False
Does 3917 divide 194749323?
True
Is 33942016 a multiple of 16?
True
Does 91 divide 510783?
True
Is 22 a factor of 231714985?
False
Is 4876 a factor of 96998268?
True
Does 1124 divide 12306961?
False
Does 87 divide 62369952?
True
Is 824 a factor of 115047704?
True
Does 9 divide 25258509?
True
Is 1125 a factor of 25029023?
False
Is 27 a factor of 432154946?
False
Does 3407 divide 1498310018?
True
Is 472699818 a multiple of 2?
True
Is 571 a factor of 144256869?
True
Is 23782139 a multiple of 71?
False
Is 11 a factor of 27876148?
False
Does 6 divide 1779892?
False
Does 16 divide 85972640?
True
Is 22 a factor of 23488069?
False
Does 6003 divide 119051496?
True
Does 10 divide 34602860?
True
Is 171827948 a multiple of 778?
False
Does 53 divide 7061190?
True
Is 335313663 a multiple of 19?
False
Is 420 a factor of 2189524212?
False
Does 2092 divide 66499451?
False
Does 22 divide 3961149808?
True
Does 5 divide 48320364?
False
Is 8038940 a multiple of 196?
True
Is 129611103 a multiple of 1356?
False
Is 283 a factor of 31379902?
False
Is 13 a factor of 11253677?
False
Is 11 a factor of 244402829?
True
Is 12814258 a multiple of 1367?
True
Is 53895576 a multiple of 678?
True
Is 4662360 a multiple of 72?
True
Is 3139475 a multiple of 2075?
True
Is 60 a factor of 11532452?
False
Does 17 divide 149419813?
False
Does 122 divide 32071340?
False
Is 105113980 a multiple of 305?
True
Is 302 a factor of 44222157?
False
Is 19 a factor of 2971377?
False
Does 90 divide 135557129?
False
Is 917 a factor of 859229?
True
Is 26929488 a multiple of 48?
True
Does 3 divide 12886344?
True
Does 38 divide 44927156?
False
Is 4200 a factor of 64906034?
False
Does 139 divide 743466798?
True
Is 158 a factor of 962364626?
False
Is 283 a factor of 124209832?
True
Is 454300122 a multiple of 4751?
True
Is 1844 a factor of 18239004?
True
Is 16 a factor of 69354560?
True
Does 1890 divide 3953301660?
True
Is 34 a factor of 204896840?
False
Is 24600717 a multiple of 64?
False
Is 3 a factor of 993597?
True
Does 11 divide 16068855?
True
Is 436620980 a multiple of 160?
False
Does 3110 divide 2967011530?
True
Does 100 divide 147533186?
False
Does 6 divide 1597098?
True
Is 3481240201 a multiple of 96?
False
Does 9 divide 47142787?
False
Is 507 a factor of 122097768?
True
Is 6 a factor of 5951396?
False
Is 237 a factor of 70976978?
False
Is 39336408 a multiple of 4842?
True
Does 64 divide 16512?
True
Does 605 divide 7357105?
False
Does 2997 divide 9143596?
False
Does 44 divide 7569276?
True
Does 1540 divide 806544200?
True
Is 6085549438 a multiple of 12877?
False
Is 1920 a factor of 725646720?
True
Does 179 divide 498971987?
True
Is 606888480 a multiple of 66?
True
Is 198540816 a multiple of 5?
False
Does 5884 divide 559480140?
True
Is 304405657 a multiple of 369?
False
Is 10 a factor of 75644747?
False
Is 23013940 a multiple of 284?
True
Is 2281365 a multiple of 3483?
True
Is 556 a factor of 9509268?
True
Does 15 divide 12570915?
True
Is 2198 a factor of 583542076?
False
Is 9 a factor of 1626466?
False
Is 409903250 a multiple of 13?
False
Is 4631 a factor of 1249100530?
False
Does 1158 divide 58260307?
False
Is 274177245 a multiple of 43?
True
Is 5435185 a multiple of 7?
True
Is 248 a factor of 46034179?
False
Is 2195675 a multiple of 86?
False
Is 900 a factor of 3901172984?
False
Does 2 divide 8008494?
True
Is 7 a factor of 3839452?
False
Does 68 divide 100984828?
True
Is 816 a factor of 32395980?
False
Does 185 divide 123019265?
True
Is 99497993 a multiple of 83?
True
Does 1775 divide 43381000?
True
Is 1692411580 a multiple of 2186?
False
Is 19 a factor of 120398298?
False
Is 515494102 a multiple of 101?
True
Does 12 divide 3170065550?
False
Does 1965 divide 1125071330?
False
Is 48643875 a multiple of 25?
True
Does 2043 divide 845270820?
True
Is 461922723 a multiple of 322?
False
Is 21 a factor of 439980576?
True
Is 4934 a factor of 7888681494?
True
Is 192 a factor of 136300992?
True
Is 31069732 a multiple of 122?
False
Is 168 a factor of 192642240?
True
Is 283980015 a multiple of 5067?
True
Does 24 divide 151813064?
False
Does 182 divide 935551214?
False
Is 320 a factor of 44713920?
True
Is 53892026 a multiple of 679?
False
Is 18015576 a multiple of 1249?
True
Is 2111998566 a multiple of 62?
True
Does 1165 divide 1425737485?
True
Does 879 divide 494129850?
True
Is 755280960 a multiple of 2982?
True
Is 4769900570 a multiple of 58?
True
Is 3482239694 a multiple of 1758?
False
Does 28 divide 417646348?
True
Is 55910704 a multiple of 4?
True
Is 2245853340 a multiple of 1530?
True
Is 38509191 a multiple of 2664?
False
Does 796 divide 41540056?
True
Is 14320336 a multiple of 175?
False
Is 71454175 a multiple of 13?
True
Is 82004176 a multiple of 16?
True
Is 73 a factor of 16889864?
True
Is 8 a factor of 21017896?
True
Is 31175270 a multiple of 4270?
True
Is 10 a factor of 238763160?
True
Is 218745291 a multiple of 7?
False
Is 555 a factor of 134983770?
True
Is 9 a factor of 43818223?
False
Is 4995843 a multiple of 2?
False
Is 673 a factor of 305573872?
False
Is 12 a factor of 1566947352?
True
Does 169 divide 129401202?
False
Is 65795936 a multiple of 2950?
False
Is 9 a factor of 237925173?
False
Is 8150272 a multiple of 104?
True
Is 42 a factor of 2661696366?
True
Is 1128 a factor of 503568146?
False
Is 19 a factor of 54783384?
True
Is 12 a factor of 3209028?
True
Is 33743541 a multiple of 193?
True
Is 316998000 a multiple of 495?
True
Is 354 a factor of 8721061?
False
Is 7274 a factor of 4495550220?
True
Is 590 a factor of 37173842?
False
Is 1003353 a multiple of 3?
True
Is 26 a factor of 44781620?
True
Does 2 divide 320665284?
True
Does 3290 divide 3253156535?
False
Does 17 divide 45425989?
True
Is 32466393 a multiple of 2133?
True
Does 1140 divide 529218780?
True
Is 167433358 a multiple of 29?
False
Does 2253 divide 22386761?
False
Does 360 divide 623122560?
True
Does 31 divide 24749450?
False
Is 4448 a factor of 111640352?
True
Does 375 divide 1225512375?
True
Is 555 a factor of 243365280?
True
Is 8386 a factor of 536158910?
True
Is 317862036 a multiple of 54?
True
Does 1720 divide 44207440?
True
Is 17 a factor of 246027719?
False
Is 575 a factor of 11476425?
True
Is 82 a factor of 21162724?
True
Is 6181670 a multiple of 4?
False
Is 4 a factor of 11193223?
False
Does 3765 divide 107544584?
False
Is 5 a factor of 1621525?
True
Does 5381 divide 1533606362?
False
Is 176 a factor of 2595541696?
True
Is 17 a factor of 86660628?
True
Is 105123299 a multiple of 51?
False
Does 553 divide 140848547?
True
Is 938571396 a multiple of 46?
True
Is 99 a factor of 2165809635?
True
Is 37158496 a multiple of 3?
False
Is 485 a factor of 24315475?
True
Does 699 divide 433621607?
False
Does 437 divide 1436642744?
True
Is 1867 a factor of 174101484?
True
Is 103 a factor of 553709666?
True
Is 387 a factor of 117325910?
False
Is 22 a factor of 2026276714?
True
Is 243 a factor of 17614?
False
Does 222 divide 4276574700?
True
Is 188 a factor of 141545070?
False
Is 126 a factor of 1043138376?
True
Does 10 divide 21046310?
True
Does 10 divide 18938000?
True
Is 2447 a factor of 274886192?
True
Does 6 divide 121416984?
True
Is 173572350 a multiple of 21?
True
Is 1953757781 a multiple of 9828?
False
Is 1115087643 a multiple of 12?
False
Is 30 a factor of 22941210?
True
Is 11 a factor of 6206769586?
False
Is 10948922 a multiple of 15?
False
Does 24 divide 338183712?
True
Is 369 a factor of 109535141?
False
Is 15107410 a multiple of 60?
False
Is 140 a factor of 18501974?
False
Does 61 divide 542289938?
False
Is 1102757873 a multiple of 338?
False
Does 42 divide 4548180?
True
Is 1432589202 a multiple of 9?
True
Is 195 a factor of 53196195?
True
Is 539